-1186
What is 2202011 (base 3) in base 9?
2664
Convert 2ba9 (base 14) to base 9.
11618
Convert 358 (base 11) to base 5.
3201
What is -2204040 (base 5) in base 15?
-b3ea
What is -8113 (base 9) in base 2?
-1011100100101
Convert -516 (base 10) to base 12.
-370
-662 (base 12) to base 7
-2510
What is -18113 (base 12) in base 10?
-34719
Convert -11380 (base 9) to base 14.
-2ab3
-96 (base 12) to base 5
-424
What is a18a (base 15) in base 16?
8539
8c (base 14) to base 4
1330
120001110 (base 3) to base 2
10101011011110
Convert 1304 (base 5) to base 8.
314
What is -10110003 (base 4) in base 10?
-17667
13011 (base 5) to base 2
1111101110
1052 (base 7) to base 13
233
Convert 112430 (base 8) to base 4.
21110120
4aa (base 16) to base 13
70b
Convert 622 (base 7) to base 4.
10312
What is 2942 (base 16) in base 13?
4a66
What is e1 (base 15) in base 13?
133
What is 8173 (base 14) in base 3?
1010112001
1a2 (base 16) to base 13
262
What is -33866 (base 11) in base 14?
-13bac
-1001100101001101 (base 2) to base 8
-114515
Convert -461d (base 15) to base 9.
-22361
4137 (base 14) to base 11
8481
d72 (base 16) to base 14
137c
What is -1110011010 (base 2) in base 6?
-4134
Convert 102102 (base 4) to base 9.
1540
53432 (base 6) to base 4
1301330
What is 1300 (base 5) in base 10?
200
Convert 8db2 (base 15) to base 3.
1112021112
What is -111011011111 (base 2) in base 8?
-7337
What is -10c0 (base 15) in base 3?
-11212200
What is 746 (base 10) in base 2?
1011101010
-2163 (base 8) to base 12
-7ab
Convert 627 (base 16) to base 15.
700
What is 82615 (base 9) in base 15?
111eb
What is -1046 (base 10) in base 5?
-13141
Convert -31172 (base 10) to base 8.
-74704
What is -12044 (base 5) in base 13?
-542
What is 12221112 (base 3) in base 2?
1000011101110
What is 12311 (base 4) in base 10?
437
Convert 12898 (base 13) to base 3.
1202020021
What is 255 (base 15) in base 4?
20102
What is 13013 (base 7) in base 5?
102230
What is -247f (base 16) in base 3?
-110211001
What is 435552 (base 6) in base 11?
25296
Convert 23221211 (base 4) to base 14.
13565
What is -257 (base 12) in base 14?
-1b5
What is 110 (base 9) in base 11?
82
Convert -166 (base 12) to base 10.
-222
Convert -86 (base 12) to base 8.
-146
Convert 121100020 (base 3) to base 11.
8a50
Convert -52 (base 13) to base 3.
-2111
Convert cc (base 16) to base 6.
540
-140 (base 7) to base 9
-85
Convert c14 (base 16) to base 12.
1958
Convert -5732 (base 13) to base 6.
-132305
-111220 (base 3) to base 9
-456
What is -20532 (base 7) in base 12?
-2b26
Convert -6bb (base 14) to base 16.
-53d
Convert 222101 (base 3) to base 9.
871
Convert -12320 (base 7) to base 3.
-11110022
Convert -200222110 (base 3) to base 12.
-8010
What is a49 (base 15) in base 5?
33234
Convert -331143 (base 7) to base 12.
-29713
Convert -2aba (base 16) to base 5.
-322223
1607 (base 9) to base 5
14342
What is 2072 (base 8) in base 3?
1111002
478 (base 12) to base 6
3032
11101101101100 (base 2) to base 11
1047a
156 (base 16) to base 8
526
-4e8 (base 15) to base 6
-5102
Convert -1350 (base 9) to base 13.
-603
Convert -c43b (base 14) to base 15.
-a010
Convert -110302 (base 5) to base 12.
-226b
What is 3213200 (base 4) in base 6?
152332
Convert 6 (base 16) to base 6.
10
What is -6162 (base 14) in base 9?
-24866
-2330 (base 7) to base 5
-11404
-12042 (base 5) to base 14
-481
-13332 (base 4) to base 11
-424
What is 21f (base 16) in base 13?
32a
Convert 3284 (base 9) to base 4.
211321
What is 172a (base 12) in base 6?
20454
2aa (base 15) to base 11
505
What is 13452 (base 6) in base 14?
ab6
125000 (base 7) to base 8
55434
Convert 127b (base 12) to base 5.
31421
Convert -33105 (base 6) to base 14.
-194d
Convert -130052 (base 6) to base 5.
-333241
What is -3556 (base 8) in base 7?
-5355
Convert -188 (base 13) to base 16.
-119
Convert -655 (base 9) to base 5.
-4121
1010103 (base 4) to base 15
1466
2231233 (base 4) to base 15
3464
What is 2a86 (base 12) in base 10?
4998
Convert 11400 (base 6) to base 11.
1276
What is 1b1 (base 16) in base 3?
121001
1111100100111 (base 2) to base 7
32152
What is -5237 (base 11) in base 16?
-1b19
What is -2115 (base 6) in base 10?
-479
Convert 45 (base 13) to base 11.
52
What is 121 (base 8) in base 3?
10000
What is -1100011001001 (base 2) in base 16?
-18c9
Convert -110100001010000 (base 2) to base 16.
-6850
-110110100100 (base 2) to base 7
-13116
25b8 (base 12) to base 10
4316
71517 (base 8) to base 16
734f
Convert 4677 (base 12) to base 11.
5a02
What is -484a (base 13) in base 10?
-10202
-1423 (base 6) to base 13
-22b
What is 303130 (base 4) in base 3?
11111221
-301 (base 4) to base 8
-61
78 (base 12) to base 2
1011100
What is -1225 (base 12) in base 14?
-a61
Convert 26711 (base 11) to base 14.
dc75
What is -1011110001010 (base 2) in base 16?
-178a
What is -147 (base 9) in base 8?
-174
What is -b9c (base 14) in base 11?
-17a6
What is -19669 (base 12) in base 9?
-56060
Convert -396 (base 12) to base 10.
-546
Convert 44117 (base 8) to base 16.
484f
Convert -32024 (base 5) to base 9.
-2836
What is 67c (base 15) in base 11?
1114
Convert -100112100 (base 3) to base 4.
-1230210
What is -7462 (base 14) in base 13?
-91a6
1100100001100 (base 2) to base 10
6412
What is -1255 (base 13) in base 8?
-5055
Convert 167 (base 8) to base 12.
9b
What is 7c0 (base 14) in base 2?
11000000100
Convert -1121111221 (base 3) to base 11.
-2191a
What is 2435 (base 6) in base 12?
41b
Convert 648 (base 16) to base 11.
1232
What is 2027 (base 12) in base 14?
13b1
What is -101010001000 (base 2) in base 4?
-222020
-8368 (base 11) to base 13
-5079
-1101100010111 (base 2) to base 7
-26135
Convert 110001111011 (base 2) to base 5.
100240
-2582a (base 12) to base 11
-355a5
What is 5217 (base 10) in base 12?
3029
What is -215 (base 11) in base 6?
-1110
Convert 2269 (base 11) to base 5.
43404
What is 1112 (base 6) in base 13?
170
What is -52782 (base 9) in base 4?
-20201120
What is 2b75 (base 14) in base 5?
221442
-6002 (base 7) to base 2
-100000001100
Convert 8a (base 16) to base 4.
2022
Convert -23385 (base 10) to base 13.
-a84b
Convert 100320010 (base 4) to base 8.
207004
What is 504 (base 12) in base 2?
1011010100
Convert -2bcb (base 14) to base 11.
-5972
What is -16675 (base 8) in base 6?
-55125
Convert 6650 (base 12) to base 16.
2c1c
Convert 10020 (base 4) to base 7.
525
Convert -1232 (base 5) to base 12.
-140
What is -386 (base 10) in base 3?
-112022
Convert -120220 (base 3) to base 10.
-429
What is 1876 (base 12) in base 8?
5632
415 (base 11) to base 6
2152
Convert -111000011001111 (base 2) to base 15.
-8854
-3753 (base 9) to base 2
-101011110010
1245 (base 6) to base 8
475
Convert 32132 (base 4) to base 2.
1110011110
Convert -1443 (base 6) to base 11.
-322
Convert -ab (base 13) to base 12.
-b9
What is -710 (base 8) in base 3?
-121220
What is -122101 (base 3) in base 6?
-2101
Convert -101 (base 4) to base 15.
-12
Convert 319 (base 12) to base 9.
553
-1112011102 (base 3) to base 15
-8d58
What is -787 (base 11) in base 7?
-2514
5868 (base 9) to base 16
1103
What is -120130 (base 5) in base 6?
-32235
What is 10000000110101 (base 2) in base 11?
6216
-102400 (base 8) to base 14
-c5a0
Convert -100021122 (base 3) to base 13.
-3107
Convert 4874 (base 10) to base 3.
20200112
What is 11044 (base 6) in base 13?
916
981 (base 11) to base 7
3302
Convert 112 (base 5) to base 14.
24
What is -1000010111010011 (base 2) in base 5?
-2044014
What is -6289 (base 12) in base 5?
-321021
1037 (base 8) to base 9
663
What is 1b84 (base 16) in base 7?
26352
What is -20023300 (base 4) in base 6?
-415104
Convert 1895 (base 11) to base 15.
aa3
Convert -542 (base 12) to base 7.
-2150
What is -451 (base 10) in base 12?
-317
4583 (base 14) to base 8
27447
Convert 22111222 (base 3) to base 8.
14101
What is -454 (base 14) in base 8?
-1532
Convert -7793 (base 11) to base 9.
-15066
Convert -2001211 (base 4) to base 7.
-33115
What is 2dd (base 15) in base 9?
811
-78e (base 16) to base 3
-2122122
What is 100011001100010 (base 2) in base 16?
4662
Convert -3265 (base 8) to base 4.
-122311
What is 2122 (base 6) in base 10?
482
Convert -1398 (base 12) to base 2.
-100011100100
What is -50 (base 12) in base 7?
-114
Convert -1a0 (base 16) to base 4.
-12200
2110221 (base 3) to base 7
5161
Convert 929 (base 10) to base 6.
